4 + 11*r**3/3 + 13. Let g(p) be the third derivative of s(p). Is g(0) a composite number?
False
Let j(x) be the second derivative of 2*x + 3/2*x**3 + 0 + 25/2*x**2. Is j(6) prime?
True
Let m = -207 + 222. Is 76/(-190) + (-2 - (-12621)/m) composite?
False
Let j(r) = 66*r + 10*r**2 - 125*r + 10*r**2 + 71*r + 93. Is j(-10) a composite number?
False
Suppose 0 = 3*m - 2*m - 3. Suppose 3*g + 1653 = 2*b, 0 = -m*b + b - 3*g + 1623. Suppose 0 = 3*x - 114 - b. Is x a prime number?
True
Suppose 0 = 3*m + 5*w - 5648 - 2205, 0 = m - 5*w - 2591. Is m a composite number?
True
Let z(t) be the second derivative of -t**5/10 + t**4/4 - 4*t**3/3 + 3*t**2/2 + 69*t. Suppose -3 = c + 1. Is z(c) a prime number?
True
Suppose h - 52 = -5*b, 29 = 4*b - 5*h - 1. Let v(i) be the second derivative of i**5/20 + 7*i**4/12 + 7*i**3/6 - 5*i**2/2 + 24*i. Is v(b) a composite number?
True
Let m = -13677 - -19731. Suppose -67*n - m = -73*n. Is n prime?
True
Let f(x) = -46*x + 23291. Is f(-13) composite?
True
Suppose 0 = -35*y + 12*y + 184. Let w(a) = 158*a - 57. Is w(y) prime?
False
Suppose 5*h + 0*h = -13*h + 79938. Is h a prime number?
True
Let v(o) = 191*o + 1 - 20 - 1309*o. Suppose -11 = -2*j - 3*g, -3*j = 5*g + 23 - 42. Is v(j) a composite number?
True
Suppose k - 5*i = -3326, -6*k + 2*k + 3*i - 13219 = 0. Let l = k - -9224. Is l composite?
False
Suppose 3*w + 11*w - 9422854 = 0. Is w a prime number?
False
Let j = 33975 + 29926. Is j a composite number?
False
Suppose 0 = -4*h - 0*h + 5*y + 40953, 8*y = 4*h - 40956. Is h a composite number?
True
Let m be 1/(5/20*2). Let h(p) = 4*p**3 + 6 + m*p**2 - 15 + p**2 + 0*p**2. Is h(4) composite?
True
Suppose 8*k - 24 = 4*k. Let v be 35/21 + (-598)/k. Let b = 355 + v. Is b prime?
True
Let s(o) = 2*o**2 + 32*o + 13. Let f be s(-16). Let r(v) = 11*v**2 + 9*v + 8. Let d be r(f). Suppose 5*a + 0*m + 3*m - 3280 = 0, 5*m - d = -3*a. Is a prime?
True
Suppose 96 = 3*z + 84. Let l be (z - -1)*4/10. Suppose 0 = -l*o + f + 232, 5*f = -3*o + 224 + 150. Is o composite?
True
Let o(v) be the second derivative of v**4/2 + v**3 - 9*v**2/2 - 41*v. Let h(y) = -17*y**2 - 17*y + 28. Let t(r) = 2*h(r) + 7*o(r). Is t(-7) a composite number?
True
Suppose 2*q = -7*j + 12*j - 128591, -q - 128588 = -5*j. Is j a prime number?
True
Let o = -983 - -988. Let x = -128 - -234. Suppose 0 = -2*t + 2*r + 272, -o*r = 2*t - t - x. Is t a composite number?
False
Suppose 41*k - 270227 = 10*k. Is k a prime number?
False
Let d be ((-33)/88 - (-22)/16) + -3817. Let j = 1747 - d. Is j a prime number?
True
Let k(o) = 23478*o - 713. Is k(18) a composite number?
False
Let a = 10 + -14. Let i be (a + 7)/(5/11215). Let y = i + -4486. Is y a composite number?
False
Let x(r) = 812*r - 94. Let s be x(13). Let u = s + -6905. Is u a prime number?
True
Is ((-2)/4)/(27 + 5160892/(-191144)) composite?
False
Let u(p) = -p**3 - 4*p**2 - 2*p - 32. Let k be u(-5). Let z(i) = 16418*i + 1. Is z(k) a prime number?
False
Let b(k) = k**2 + 9*k + 17. Let x be b(-7). Suppose 0*s = x*s - 9336. Suppose -677 = w - s. Is w a prime number?
False
Let d = -75 + 153. Let n = d - 97. Let o = 16 - n. Is o a composite number?
True
Let o(q) = q**2 - 3*q - 49. Let b be o(9). Suppose -18*v + 5*x + 6020 = -16*v, -5*v = -b*x - 15035. Is v prime?
False
Let c(v) = -803*v + 10146. Is c(-85) composite?
False
Let b = -75844 - -247993. Is b a prime number?
False
Let q(v) = v**2 + 19*v + 94. Let a be q(-10). Suppose -4*r - 3*y = -20750, -3*r - 9*y + a*y = -15557. Is r composite?
False
Let s be (-8)/(-32)*(9 + -9). Let z(l) = -6*l. Let j be z(-2). Suppose s = -j*y - 1892 + 5720. Is y a composite number?
True
Let s = 86460 - 2363. Is s a composite number?
True
Let x = 571 + 4780. Suppose -5*z + 3*i = -8911, z - 4*i - x = -2*z. Is z composite?
True
Suppose -3*r = -5*r - 456. Suppose 42*u + 838 = 44*u. Let f = r + u. Is f a composite number?
False
Let x(j) = 38*j**2 + 2*j + 3. Let k(r) be the third derivative of r**6/40 - r**5/60 - r**4/24 + 6*r**2. Let z be k(-1). Is x(z) a prime number?
False
Let p(b) = -b**2 - 11*b + 13. Suppose -2*u + 61 = -z, z - 4*z = -2*u + 55. Suppose 0 = -4*t - 8*o + 4*o - u, 0 = -3*t - 5*o - 22. Is p(t) composite?
False
Suppose -11*j + 0*j + 44 = 0. Suppose -r = 2*n - 1781, -4*r = -j*n - 5896 - 1204. Is r prime?
True
Suppose 2*z + 2*f = 31754, -3*z + 21639 + 25988 = 2*f. Suppose z = 4*j + v - 1430, 0 = j + 4*v - 4307. Is j a prime number?
True
Is (766545930/(-50))/(-9) - 112/(-70) a composite number?
False
Suppose 0 = g - 3*c - 1176885, 2*g + 0*c - 4*c - 2353774 = 0. Suppose 8*w - 219651 = -g. Is 2/(-9) - w/81 prime?
False
Let t be 1/(3/(-9) - 0) + 5. Suppose -1854 = -2*d - 4*h, -1245 - 610 = -t*d - 3*h. Is d prime?
True
Suppose -n + 30 = 2*z + 9, 0 = -5*n + 4*z + 133. Let m be 130265/n - 9/15. Suppose 8*k = -2*k + m. Is k composite?
False
Let w be 6 + 1 + (-2 - 0). Suppose 12*p + w = -7. Is (-3 - -2)*(p + (-1108 - 2)) a prime number?
False
Suppose -6*d + 93 = -3*d + 3*u, -148 = -4*d + 2*u. Let t(q) = 100*q - 201. Is t(d) composite?
False
Suppose 19*t - 23*t = -176. Let m = 44 - t. Let w(h) = -h**3 + 2*h**2 - 3*h + 3651. Is w(m) prime?
False
Let i(d) = 212*d**3 - 7*d**2 + 24*d - 34. Is i(11) prime?
False
Let f = 6211 + -2108. Suppose 0 = -3*l + j + f, l = -2*j + 868 + 509. Is l composite?
True
Let v(d) = -2*d + 41. Let r be v(19). Let u be r/(0 - -3) + 1. Is u*((-157)/(-14) + (-2)/(-7)) prime?
True
Let r(w) = 2092*w**2 + 171*w + 16. Is r(9) a prime number?
True
Let a = 22189 + -7506. Is a a prime number?
True
Let t(r) = -45*r**3 - 92*r**2 + 81*r - 69. Is t(-38) a prime number?
False
Suppose 3*l - 16 = -b, 23 = 5*b + 5*l - 17. Suppose 2*d - 2811 = -3*i - 2*d, 0 = -i - b*d + 937. Is i a prime number?
True
Suppose -p - 2*w - 51 = -6*p, -w = 5*p - 42. Suppose -p*u = -72866 - 47437. Is u composite?
False
Let c be 10 + -11 - (-2 + -1). Suppose c*n - 2893 = -x + 4*n, x - n = 2893. Is x composite?
True
Let h(t) = 123*t**2 + 9*t - 10. Let z be h(-8). Let i = z - 5451. Is i composite?
False
Suppose -4071 + 11617 = 7*x. Let b be (-8)/12*-6 + -3 + x. Suppose -u - z + b = z, -3*u + 4*z = -3187. Is u prime?
True
Suppose 0 = 6*o - 2*o - 8. Let x(s) = 96*s - 135*s - 124*s + o. Is x(-3) prime?
True
Suppose 0 = -0*v + 2*v - 13*v. Suppose v = 6*p - 5*p - 1839. Is p a composite number?
True
Let x be (-574857)/(-235) + 4/5. Suppose -k = -g + 2*k + x, 4926 = 2*g + 2*k. Is g composite?
False
Suppose -24957 = -14*n + 70719. Suppose 4 - 1 = -i - 2*q, 3*i = -4*q - 1. Suppose -v = i*v - n. Is v composite?
True
Let w = -357954 + 715625. Is w a prime number?
True
Let n(g) = 19*g + 177. Let l be n(-9). Suppose -f + l*f = 47715. Is f composite?
True
Let q = -367 - -366. Is q/(-3) + (-262850)/(-21) a prime number?
True
Suppose -17*f + 11*f + 12 = 0. Is -10 - 212050/(-130) - f/13 a composite number?
False
Let d(y) = -y**3 - 4*y + 11. Suppose 0 = -4*c + k + 83, 3*k - 2*k - 27 = -c. Suppose -2*g + 4*p - 28 = 0, 2*p = -7*g + 2*g - c. Is d(g) prime?
True
Let z = 476 + -474. Suppose 0 = -3*a + 5*x + 1985, z*x - 6*x = -4*a + 2636. Is a prime?
False
Let j = 72928 - 176515. Let b be j/(-21) - 18/(-63). Suppose -6*w + 2561 = -b. Is w prime?
True
Let l be (-17)/(-2) + (-10)/(-4). Let m be (9 - l)/(-3 - -2). Is 6/m*11049/9 a composite number?
True
Let p = 133 - 223. Let m = 203 - p. Is m composite?
False
Suppose -36*r + 41*r - 51255 = 0. Let d = -7088 + r. Is d a composite number?
False
Let r(u) = 2*u**2 + 419. Suppose 0 = 5*b - 13 - 2. Suppose -d - b*d = 3*d. Is r(d) a composite number?
False
Let v = 156498 + 65365. Is v prime?
False
Suppose 4*g = 90463 + 193497. Suppose -g + 192632 = 2*n. Is n a composite number?
False
Is -9 - 21265*(16/(-40) - 0) composite?
True
Let x(y) = 160*y - 101. Suppose -1004 = -6*t - 926. Is x(t) a composite number?
False
Let k be 196/63 + 4/(-36). Suppose k*h - 11138 + 1385 = 0. Is h prime?
True
Suppose -99*i + 95*i = -5*p - 8237, -i = -2*p - 2063. Is i composite?
False
Let p be 0/(((-15)/(-20))/(6/(-16))). Let q(j) = -j**2 + 446. Is q(p) prime?
False
Let z be 3/(-1)*(93/(-9) - 1). Let h = 39 - z. Suppose n - h*c = 409, c = n + 3*n - 1674. Is n composite?
False
Suppose 4*r - 65391 = g, r - 9250 = -2*g + 7109. Is r a prime number?
True
Let c(m) = -11*m**2 - 51*m + 16. Let k be c(8). Let q = k - -2178. Is q a compo